{"id":290527,"date":"2021-06-11T12:33:29","date_gmt":"2021-06-11T15:33:29","guid":{"rendered":"http:\/\/furlanjet.com.br\/?post_type=product&#038;p=290527"},"modified":"2021-06-11T13:03:00","modified_gmt":"2021-06-11T16:03:00","slug":"mousepad-gamer-rgb-eg410-medio-com-led-quadrado-3632653mm-preto","status":"publish","type":"product","link":"https:\/\/furlanjet.com.br\/?product=mousepad-gamer-rgb-eg410-medio-com-led-quadrado-3632653mm-preto","title":{"rendered":"MOUSEPAD GAMER RGB EG410 MEDIO ( COM LED QUADRADO 363*265*3MM) PRETO"},"content":{"rendered":"<h2 class=\"description__product-title\">Mouse pad Gamer Evolut RGB EG410 Preto<\/h2>\n<p>Mouse pad Gamer Evolut RGB EG410 Preto<br \/>\nEsse mouse pad Gamer da Evolut possui as dimens\u00f5es de 363x265x3mm e LED RGB flex\u00edvel com 7 cores controladas via bot\u00e3o e alimentado por conex\u00e3o USB com cabo de 1,8mt sobre uma base emborrachada.<\/p>\n","protected":false},"excerpt":{"rendered":"<p>ESPECIFICA\u00c7\u00d5ES<br \/>\nTAMANHO<br \/>\n363 x 265 x 3 mm<\/p>\n<p>ALIMENTA\u00c7\u00c3O:<br \/>\nCabo USB 1.8M<\/p>\n<p>ILUMINA\u00c7\u00c3O:<br \/>\nLED RGB Flex\u00edvel<br \/>\n7 Cores e controle via bot\u00e3o<\/p>\n<p>MATERIAL:<br \/>\nSuperf\u00edcie: Malha Poli\u00e9ster<br \/>\nBase: Emborrachado<br \/>\nBorda: Com Led<\/p>\n<p>&nbsp;<\/p>\n","protected":false},"featured_media":290531,"comment_status":"closed","ping_status":"closed","template":"","meta":{"_joinchat":[]},"product_brand":[],"product_cat":[181],"product_tag":[],"class_list":{"0":"post-290527","1":"product","2":"type-product","3":"status-publish","6":"product_cat-mouse-pad-gamer","7":"product_shipping_class-melhor-envio","9":"first","10":"instock","11":"purchasable","12":"product-type-simple"},"_links":{"self":[{"href":"https:\/\/furlanjet.com.br\/index.php?rest_route=\/wp\/v2\/product\/290527","targetHints":{"allow":["GET"]}}],"collection":[{"href":"https:\/\/furlanjet.com.br\/index.php?rest_route=\/wp\/v2\/product"}],"about":[{"href":"https:\/\/furlanjet.com.br\/index.php?rest_route=\/wp\/v2\/types\/product"}],"replies":[{"embeddable":true,"href":"https:\/\/furlanjet.com.br\/index.php?rest_route=%2Fwp%2Fv2%2Fcomments&post=290527"}],"version-history":[{"count":0,"href":"https:\/\/furlanjet.com.br\/index.php?rest_route=\/wp\/v2\/product\/290527\/revisions"}],"wp:featuredmedia":[{"embeddable":true,"href":"https:\/\/furlanjet.com.br\/index.php?rest_route=\/wp\/v2\/media\/290531"}],"wp:attachment":[{"href":"https:\/\/furlanjet.com.br\/index.php?rest_route=%2Fwp%2Fv2%2Fmedia&parent=290527"}],"wp:term":[{"taxonomy":"product_brand","embeddable":true,"href":"https:\/\/furlanjet.com.br\/index.php?rest_route=%2Fwp%2Fv2%2Fproduct_brand&post=290527"},{"taxonomy":"product_cat","embeddable":true,"href":"https:\/\/furlanjet.com.br\/index.php?rest_route=%2Fwp%2Fv2%2Fproduct_cat&post=290527"},{"taxonomy":"product_tag","embeddable":true,"href":"https:\/\/furlanjet.com.br\/index.php?rest_route=%2Fwp%2Fv2%2Fproduct_tag&post=290527"}],"curies":[{"name":"wp","href":"https:\/\/api.w.org\/{rel}","templated":true}]}}