{"id":24256,"date":"2019-11-20T12:47:32","date_gmt":"2019-11-20T15:47:32","guid":{"rendered":"http:\/\/furlanjet.com.br\/?post_type=product&#038;p=24256"},"modified":"2019-11-20T12:49:18","modified_gmt":"2019-11-20T15:49:18","slug":"fone-com-microfone-voicer-comfort-mi-2260arc-c3tech","status":"publish","type":"product","link":"https:\/\/furlanjet.com.br\/?product=fone-com-microfone-voicer-comfort-mi-2260arc-c3tech","title":{"rendered":"Fone com Microfone Voicer Comfort MI-2260ARC C3Tech"},"content":{"rendered":"<p>O headset Voicer Comfort \u00e9 ideal para uso em call centers ou residencia, pois possui controle de volume integrado ao cabo, haste do microfone flex\u00edvel, almofadas e arco revestidos de espuma, para oferecer maior conforto e excelente qualidade de som ao usu\u00e1rio.<\/p>\n","protected":false},"excerpt":{"rendered":"<ul>\n<li class=\"row-table-01\"><span class=\"titulo-desc\">Modelo:\u00a0<\/span>MI-2260ARC<\/li>\n<li class=\"row-table-01\"><span class=\"titulo-desc\">Refer\u00eancia:<\/span>410040300102<\/li>\n<li class=\"row-table-01\"><span class=\"titulo-desc\">Apresenta\u00e7\u00e3o:<\/span>O headset Voicer Comfort \u00e9 ideal para uso em call centers ou residencia, pois possui controle de volume integrado ao cabo, haste do microfone flex\u00edvel, almofadas e arco revestidos de espuma, para oferecer maior conforto e excelente qualidade de som ao usu\u00e1rio.<\/li>\n<\/ul>\n<p>&nbsp;<\/p>\n<ul>\n<li class=\"row-table-02\"><span class=\"titulo-desc\">Detalhes:<br \/>\n<\/span>&#8211; Tipo: Headset.<br \/>\n&#8211; Conector: 2xP2 &#8211; 2Vias.<\/p>\n<p>* Informa\u00e7\u00f5es T\u00e9cnicas:<br \/>\nResposta de Frequ\u00eancia Fones: 20Hz a 20kHz;<br \/>\nImped\u00e2ncia: 32 Ohm;<br \/>\nSensibilidade: 105db +\/- 3dB S.P.L a 1KHz;<br \/>\nPlugs individuais (microfone e \u00e1udio): Sim, P2;<br \/>\nComprimento do Cabo: 1,80m.<\/p>\n<p>* Requisitos m\u00ednimos do sistema:<br \/>\nPlaca de som entrada para microfone e sa\u00edda para fone de ouvido;<br \/>\nConectores plug P2 est\u00e9reo.<\/p>\n<p>* Recursos:<br \/>\n&#8211; Ideal em call centers ou resid\u00eancia;<br \/>\n&#8211; Controle de volume integrado ao cabo;<br \/>\n&#8211; Haste de microfone flex\u00edvel;<br \/>\n&#8211; Almofadas de espuma.<\/li>\n<\/ul>\n<ul>\n<li class=\"row-table-02\"><span class=\"titulo-desc\">Altura da embalagem:\u00a0<\/span>,08<\/li>\n<\/ul>\n<ul>\n<li class=\"row-table-01\"><span class=\"titulo-desc\">Largura embalagem:\u00a0<\/span>,175<\/li>\n<\/ul>\n<ul>\n<li class=\"row-table-02\"><span class=\"titulo-desc\">Comprimento embalagem:\u00a0<\/span>,17<\/li>\n<\/ul>\n<ul>\n<li class=\"row-table-01\"><span class=\"titulo-desc\">Peso embalagem:\u00a0<\/span>182<\/li>\n<\/ul>\n<ul>\n<li class=\"row-table-02\"><span class=\"titulo-desc\">Part Number\/SKU:<\/span><\/li>\n<\/ul>\n<ul>\n<li class=\"row-table-01\"><span class=\"titulo-desc\">EAN do produto:\u00a0<\/span>7898927890322<\/li>\n<\/ul>\n<p>&nbsp;<\/p>\n","protected":false},"featured_media":24257,"comment_status":"closed","ping_status":"closed","template":"","meta":{"_joinchat":[]},"product_brand":[],"product_cat":[214],"product_tag":[],"class_list":{"0":"post-24256","1":"product","2":"type-product","3":"status-publish","6":"product_cat-headset","8":"first","9":"instock","10":"taxable","11":"shipping-taxable","12":"product-type-simple"},"_links":{"self":[{"href":"https:\/\/furlanjet.com.br\/index.php?rest_route=\/wp\/v2\/product\/24256","targetHints":{"allow":["GET"]}}],"collection":[{"href":"https:\/\/furlanjet.com.br\/index.php?rest_route=\/wp\/v2\/product"}],"about":[{"href":"https:\/\/furlanjet.com.br\/index.php?rest_route=\/wp\/v2\/types\/product"}],"replies":[{"embeddable":true,"href":"https:\/\/furlanjet.com.br\/index.php?rest_route=%2Fwp%2Fv2%2Fcomments&post=24256"}],"version-history":[{"count":0,"href":"https:\/\/furlanjet.com.br\/index.php?rest_route=\/wp\/v2\/product\/24256\/revisions"}],"wp:featuredmedia":[{"embeddable":true,"href":"https:\/\/furlanjet.com.br\/index.php?rest_route=\/wp\/v2\/media\/24257"}],"wp:attachment":[{"href":"https:\/\/furlanjet.com.br\/index.php?rest_route=%2Fwp%2Fv2%2Fmedia&parent=24256"}],"wp:term":[{"taxonomy":"product_brand","embeddable":true,"href":"https:\/\/furlanjet.com.br\/index.php?rest_route=%2Fwp%2Fv2%2Fproduct_brand&post=24256"},{"taxonomy":"product_cat","embeddable":true,"href":"https:\/\/furlanjet.com.br\/index.php?rest_route=%2Fwp%2Fv2%2Fproduct_cat&post=24256"},{"taxonomy":"product_tag","embeddable":true,"href":"https:\/\/furlanjet.com.br\/index.php?rest_route=%2Fwp%2Fv2%2Fproduct_tag&post=24256"}],"curies":[{"name":"wp","href":"https:\/\/api.w.org\/{rel}","templated":true}]}}