{"id":23691,"date":"2019-11-16T07:36:48","date_gmt":"2019-11-16T10:36:48","guid":{"rendered":"http:\/\/furlanjet.com.br\/?post_type=product&#038;p=23691"},"modified":"2021-06-11T13:24:47","modified_gmt":"2021-06-11T16:24:47","slug":"teclado-evolut-gamer-assault-eg204","status":"publish","type":"product","link":"https:\/\/furlanjet.com.br\/?product=teclado-evolut-gamer-assault-eg204","title":{"rendered":"TECLADO EVOLUT GAMER ASSAULT EG204"},"content":{"rendered":"<p><strong>SWITCH BLUE:\u00a0<\/strong>Teclas 100% mec\u00e2nicas de n\u00edvel profissional, com acionamento confort\u00e1vel e sensa\u00e7\u00e3o t\u00e1til sem igual.<\/p>\n<div class=\"recurso-titulo\">\n<p><strong>CONFORTO:\u00a0<\/strong>ASSAULT combina toda sua estrutura com um apoio de pulso suave e confort\u00e1vel, possibilitando horas de jogatina sem desgaste!<\/p>\n<div class=\"recurso-titulo\">\n<p><b>BACKLIGHT<\/b>: Ilumina\u00e7\u00e3o \u00e9 a chave para atrair todos os olhares! ASSAULT possui Backlight Rainbow, com ilumina\u00e7\u00e3o por tecla e efeitos incr\u00edveis, trazendo muito mais personalidade para sua build.<\/p>\n<\/div>\n<\/div>\n","protected":false},"excerpt":{"rendered":"<div class=\"box-collateral box-description\">\n<div class=\"box-collateral box-description\">\n<p><strong>Layout:\u00a0<\/strong>EN de 87 Teclas<br \/>\n<strong>Perfil das teclas:\u00a0<\/strong>Altas<br \/>\n<strong>Antighosting:<br \/>\n<\/strong><strong>Suporte 100%<br \/>\n<\/strong><strong>Acionamento:\u00a0<\/strong>Mec\u00e2nico Blue Switch (CONTENT)<br \/>\n<strong>Multim\u00eddia:\u00a0<\/strong>Sim, 12 teclas ativadas atrav\u00e9s de FN<br \/>\n<strong>Ilumina\u00e7\u00e3o:\u00a0<\/strong>Sim, com 9 LED Efeitos, controle de intensidade<br \/>\n<strong>Material do Cabo:\u00a0<\/strong>Sleeved em Nylon<br \/>\n<strong>Comprimento do Cabo:\u00a0<\/strong>1,5 metros<br \/>\n<strong>Tamanho:\u00a0<\/strong>358 x 190 x 45 MM<br \/>\n<strong>Conex\u00e3o<\/strong>: USB 2.0<\/p>\n<\/div>\n<\/div>\n","protected":false},"featured_media":23692,"comment_status":"closed","ping_status":"closed","template":"","meta":{"_joinchat":[]},"product_brand":[],"product_cat":[232],"product_tag":[],"class_list":{"0":"post-23691","1":"product","2":"type-product","3":"status-publish","6":"product_cat-mecanico","7":"product_shipping_class-melhor-envio","9":"first","10":"instock","11":"purchasable","12":"product-type-simple"},"_links":{"self":[{"href":"https:\/\/furlanjet.com.br\/index.php?rest_route=\/wp\/v2\/product\/23691","targetHints":{"allow":["GET"]}}],"collection":[{"href":"https:\/\/furlanjet.com.br\/index.php?rest_route=\/wp\/v2\/product"}],"about":[{"href":"https:\/\/furlanjet.com.br\/index.php?rest_route=\/wp\/v2\/types\/product"}],"replies":[{"embeddable":true,"href":"https:\/\/furlanjet.com.br\/index.php?rest_route=%2Fwp%2Fv2%2Fcomments&post=23691"}],"version-history":[{"count":0,"href":"https:\/\/furlanjet.com.br\/index.php?rest_route=\/wp\/v2\/product\/23691\/revisions"}],"wp:featuredmedia":[{"embeddable":true,"href":"https:\/\/furlanjet.com.br\/index.php?rest_route=\/wp\/v2\/media\/23692"}],"wp:attachment":[{"href":"https:\/\/furlanjet.com.br\/index.php?rest_route=%2Fwp%2Fv2%2Fmedia&parent=23691"}],"wp:term":[{"taxonomy":"product_brand","embeddable":true,"href":"https:\/\/furlanjet.com.br\/index.php?rest_route=%2Fwp%2Fv2%2Fproduct_brand&post=23691"},{"taxonomy":"product_cat","embeddable":true,"href":"https:\/\/furlanjet.com.br\/index.php?rest_route=%2Fwp%2Fv2%2Fproduct_cat&post=23691"},{"taxonomy":"product_tag","embeddable":true,"href":"https:\/\/furlanjet.com.br\/index.php?rest_route=%2Fwp%2Fv2%2Fproduct_tag&post=23691"}],"curies":[{"name":"wp","href":"https:\/\/api.w.org\/{rel}","templated":true}]}}