{"id":23340,"date":"2019-11-10T08:02:59","date_gmt":"2019-11-10T11:02:59","guid":{"rendered":"http:\/\/furlanjet.com.br\/?post_type=product&#038;p=23340"},"modified":"2019-11-10T08:04:00","modified_gmt":"2019-11-10T11:04:00","slug":"cartucho-de-toner-kyocera-tk5232y-amarelo-original-copia","status":"publish","type":"product","link":"https:\/\/furlanjet.com.br\/?product=cartucho-de-toner-kyocera-tk5232y-amarelo-original-copia","title":{"rendered":"Cartucho de Toner Kyocera TK5232Y Amarelo Original"},"content":{"rendered":"<p>Kyocera TK5232Y<\/p>\n","protected":false},"excerpt":{"rendered":"<p>Cor<\/p>\n<p>Yellow<\/p>\n<p>&nbsp;<\/p>\n<p>Compatibilidade<\/p>\n<p>ECOSYS P5021CDN E ECOSYS M5521CDN<\/p>\n<p>Rentabilidade<\/p>\n<p>Aproximadamente 2.200 p\u00e1ginas com 5% de cobertura em acordo com a norma ISO\/IEC 19752.<\/p>\n<p>Observa\u00e7\u00f5es<br \/>\n&#8211; Todas as informa\u00e7\u00f5es divulgadas s\u00e3o de total responsabilidade do fabricante.<br \/>\n&#8211; Imagem meramente ilustrativa.<\/p>\n","protected":false},"featured_media":23328,"comment_status":"closed","ping_status":"closed","template":"","meta":{"_joinchat":[]},"product_brand":[],"product_cat":[96],"product_tag":[],"class_list":{"0":"post-23340","1":"product","2":"type-product","3":"status-publish","6":"product_cat-kyocera","8":"first","9":"instock","10":"taxable","11":"shipping-taxable","12":"product-type-simple"},"_links":{"self":[{"href":"https:\/\/furlanjet.com.br\/index.php?rest_route=\/wp\/v2\/product\/23340","targetHints":{"allow":["GET"]}}],"collection":[{"href":"https:\/\/furlanjet.com.br\/index.php?rest_route=\/wp\/v2\/product"}],"about":[{"href":"https:\/\/furlanjet.com.br\/index.php?rest_route=\/wp\/v2\/types\/product"}],"replies":[{"embeddable":true,"href":"https:\/\/furlanjet.com.br\/index.php?rest_route=%2Fwp%2Fv2%2Fcomments&post=23340"}],"version-history":[{"count":0,"href":"https:\/\/furlanjet.com.br\/index.php?rest_route=\/wp\/v2\/product\/23340\/revisions"}],"wp:featuredmedia":[{"embeddable":true,"href":"https:\/\/furlanjet.com.br\/index.php?rest_route=\/wp\/v2\/media\/23328"}],"wp:attachment":[{"href":"https:\/\/furlanjet.com.br\/index.php?rest_route=%2Fwp%2Fv2%2Fmedia&parent=23340"}],"wp:term":[{"taxonomy":"product_brand","embeddable":true,"href":"https:\/\/furlanjet.com.br\/index.php?rest_route=%2Fwp%2Fv2%2Fproduct_brand&post=23340"},{"taxonomy":"product_cat","embeddable":true,"href":"https:\/\/furlanjet.com.br\/index.php?rest_route=%2Fwp%2Fv2%2Fproduct_cat&post=23340"},{"taxonomy":"product_tag","embeddable":true,"href":"https:\/\/furlanjet.com.br\/index.php?rest_route=%2Fwp%2Fv2%2Fproduct_tag&post=23340"}],"curies":[{"name":"wp","href":"https:\/\/api.w.org\/{rel}","templated":true}]}}