{"id":23286,"date":"2019-11-09T08:57:45","date_gmt":"2019-11-09T11:57:45","guid":{"rendered":"http:\/\/furlanjet.com.br\/?post_type=product&#038;p=23286"},"modified":"2019-11-09T09:01:13","modified_gmt":"2019-11-09T12:01:13","slug":"multifucional-ecotank-l6191-epson","status":"publish","type":"product","link":"https:\/\/furlanjet.com.br\/?product=multifucional-ecotank-l6191-epson","title":{"rendered":"Multifucional EcoTank L6191 &#8211; Epson"},"content":{"rendered":"<p>A multifuncional EcoTank L6191 utiliza a inovadora tecnologia de garrafas de tinta com abastecimento autom\u00e1tico. Al\u00e9m disso, com a EcoTank L6191 \u00e9 poss\u00edvel imprimir at\u00e9 7.500 p\u00e1ginas em preto ou 6.000 p\u00e1ginas coloridas. Com os kits de garrafas de tinta original Epson que equivalem a aproximadamente 35 cartuchos de tinta, \u00e9 poss\u00edvel imprimir centenas de projetos sem interrup\u00e7\u00f5es e economizar at\u00e9 90% em tinta.<\/p>\n<p>&nbsp;<\/p>\n","protected":false},"excerpt":{"rendered":"<p>Principais caracter\u00edsticas<\/p>\n<p>Novo sistema f\u00e1cil de recarregar\u00a0\u2014 garrafas com abastecimento autom\u00e1tico, programadas para um abastecimento f\u00e1cil e limpo de cada cor.<\/p>\n<p>Baix\u00edssimo custo de impress\u00e3o\u00a0\u2014 economize at\u00e9 90% em tinta com as garrafas de substitui\u00e7\u00e3o.<\/p>\n<p>Economize tempo e papel\u00a0\u2014 ADF para 30 folhas simplex; impress\u00e3o autom\u00e1tica frente e verso e capacidade de 250 folhas.<\/p>\n","protected":false},"featured_media":23287,"comment_status":"closed","ping_status":"closed","template":"","meta":{"_joinchat":[]},"product_brand":[],"product_cat":[172],"product_tag":[],"class_list":{"0":"post-23286","1":"product","2":"type-product","3":"status-publish","6":"product_cat-multifuncional-jato-de-tinta","8":"first","9":"instock","10":"taxable","11":"shipping-taxable","12":"product-type-simple"},"_links":{"self":[{"href":"https:\/\/furlanjet.com.br\/index.php?rest_route=\/wp\/v2\/product\/23286","targetHints":{"allow":["GET"]}}],"collection":[{"href":"https:\/\/furlanjet.com.br\/index.php?rest_route=\/wp\/v2\/product"}],"about":[{"href":"https:\/\/furlanjet.com.br\/index.php?rest_route=\/wp\/v2\/types\/product"}],"replies":[{"embeddable":true,"href":"https:\/\/furlanjet.com.br\/index.php?rest_route=%2Fwp%2Fv2%2Fcomments&post=23286"}],"version-history":[{"count":0,"href":"https:\/\/furlanjet.com.br\/index.php?rest_route=\/wp\/v2\/product\/23286\/revisions"}],"wp:featuredmedia":[{"embeddable":true,"href":"https:\/\/furlanjet.com.br\/index.php?rest_route=\/wp\/v2\/media\/23287"}],"wp:attachment":[{"href":"https:\/\/furlanjet.com.br\/index.php?rest_route=%2Fwp%2Fv2%2Fmedia&parent=23286"}],"wp:term":[{"taxonomy":"product_brand","embeddable":true,"href":"https:\/\/furlanjet.com.br\/index.php?rest_route=%2Fwp%2Fv2%2Fproduct_brand&post=23286"},{"taxonomy":"product_cat","embeddable":true,"href":"https:\/\/furlanjet.com.br\/index.php?rest_route=%2Fwp%2Fv2%2Fproduct_cat&post=23286"},{"taxonomy":"product_tag","embeddable":true,"href":"https:\/\/furlanjet.com.br\/index.php?rest_route=%2Fwp%2Fv2%2Fproduct_tag&post=23286"}],"curies":[{"name":"wp","href":"https:\/\/api.w.org\/{rel}","templated":true}]}}