{"id":23266,"date":"2019-11-09T08:37:04","date_gmt":"2019-11-09T11:37:04","guid":{"rendered":"http:\/\/furlanjet.com.br\/?post_type=product&#038;p=23266"},"modified":"2019-11-20T10:34:01","modified_gmt":"2019-11-20T13:34:01","slug":"multifuncional-color-laser-mfc-l8900cdw-brother","status":"publish","type":"product","link":"https:\/\/furlanjet.com.br\/?product=multifuncional-color-laser-mfc-l8900cdw-brother","title":{"rendered":"Multifuncional Color Laser MFC-L8900CDW Brother"},"content":{"rendered":"<p>O multifuncional laser colorido MFC-L8900CDW da Brother \u00e9 a escolha ideal para grupos de trabalho que buscam custos de impress\u00e3o baixos, sa\u00edda de qualidade profissional e fun\u00e7\u00f5es que aumentam a produtividade.<\/p>\n","protected":false},"excerpt":{"rendered":"<p>Principais Caracter\u00edsticas<\/p>\n<ul>\n<li><a name=\"CONTENTHOMEDEFAULT_MODELDETAIL1_DIVFEATURETEXT\"><\/a>VELOCIDADE DE IMPRESS\u00c3O R\u00e1pida, alta qualidade de impress\u00e3o e c\u00f3pias: Com velocidade de at\u00e9 33ppm para impress\u00f5es coloridas e em preto e branco.<\/li>\n<li>VELOCIDADE DE C\u00d3PIA C\u00f3pia r\u00e1pida e avan\u00e7ada: Ajuda no aumento da produtividade com a velocidade de digitaliza\u00e7\u00e3o de 33cpm. Escaneie e envie para e-mail, SharePoint\u00ae, servi\u00e7os na nuvem e ganhe mais efici\u00eancia com a capacidade de 70 folhas do ADS.<\/li>\n<li>DUPLEX Imprima, copie e digitalize facilmente documentos frente e verso. Use o duplex autom\u00e1tico com ADS de capacidade para 70 folhas, para ajudar na redu\u00e7\u00e3o dos custos de impress\u00e3o e produ\u00e7\u00e3o de documentos profissionais frente e verso, apresenta\u00e7\u00f5es, cat\u00e1logos e folhetos.<\/li>\n<li>INTERFACE PADR\u00c3O Flexibilidade de conex\u00e3o em rede. Wi-fi 802.11b\/g\/n e rede cabeada Gigabit com interface intuitiva para configurar e compartilhar em rede com ou sem fio. Conte com os recursos avan\u00e7ados de seguran\u00e7a, com o leitor de cart\u00e3o NFC integrado. Os recursos avan\u00e7ados ajudam a proteger contra acessos n\u00e3o autorizados e ajuda a controlar os custos atrav\u00e9s da restri\u00e7\u00e3o de impress\u00e3o por usu\u00e1rio ou grupos.<\/li>\n<li>SCANNER Avan\u00e7ados recursos de digitaliza\u00e7\u00e3o. Compartilhe diretamente para o E-mail, SharePoint\u00ae. Al\u00e9m disso, digitalize e envie para os servi\u00e7os de neg\u00f3cios na nuvem mais famosos, EVERNOTE\u00ae, DROPBOX, BOX, GOOGLE DRIVE\u2122, ONENOTE\u00ae, ONEDRIVE\u00ae, FACEBOOK\u2122, FLICKR\u00ae.<\/li>\n<li>TONER YIELD Impress\u00e3o econ\u00f4mica. Gaste menos tempo e economize os custos de opera\u00e7\u00e3o utilizando o toner genu\u00edno da Brother de super rendimento para 6.500 p\u00e1ginas.<\/li>\n<\/ul>\n<p>PAINEL Touchscreen colorido de 5&#8243;. Menu de f\u00e1cil navega\u00e7\u00e3o e permite cria\u00e7\u00e3o de at\u00e9 64 atalhos customizados.<\/p>\n","protected":false},"featured_media":23267,"comment_status":"closed","ping_status":"closed","template":"","meta":{"_joinchat":[]},"product_brand":[],"product_cat":[171],"product_tag":[],"class_list":{"0":"post-23266","1":"product","2":"type-product","3":"status-publish","6":"product_cat-multifuncional-laser-color","8":"first","9":"instock","10":"taxable","11":"shipping-taxable","12":"product-type-simple"},"_links":{"self":[{"href":"https:\/\/furlanjet.com.br\/index.php?rest_route=\/wp\/v2\/product\/23266","targetHints":{"allow":["GET"]}}],"collection":[{"href":"https:\/\/furlanjet.com.br\/index.php?rest_route=\/wp\/v2\/product"}],"about":[{"href":"https:\/\/furlanjet.com.br\/index.php?rest_route=\/wp\/v2\/types\/product"}],"replies":[{"embeddable":true,"href":"https:\/\/furlanjet.com.br\/index.php?rest_route=%2Fwp%2Fv2%2Fcomments&post=23266"}],"version-history":[{"count":0,"href":"https:\/\/furlanjet.com.br\/index.php?rest_route=\/wp\/v2\/product\/23266\/revisions"}],"wp:featuredmedia":[{"embeddable":true,"href":"https:\/\/furlanjet.com.br\/index.php?rest_route=\/wp\/v2\/media\/23267"}],"wp:attachment":[{"href":"https:\/\/furlanjet.com.br\/index.php?rest_route=%2Fwp%2Fv2%2Fmedia&parent=23266"}],"wp:term":[{"taxonomy":"product_brand","embeddable":true,"href":"https:\/\/furlanjet.com.br\/index.php?rest_route=%2Fwp%2Fv2%2Fproduct_brand&post=23266"},{"taxonomy":"product_cat","embeddable":true,"href":"https:\/\/furlanjet.com.br\/index.php?rest_route=%2Fwp%2Fv2%2Fproduct_cat&post=23266"},{"taxonomy":"product_tag","embeddable":true,"href":"https:\/\/furlanjet.com.br\/index.php?rest_route=%2Fwp%2Fv2%2Fproduct_tag&post=23266"}],"curies":[{"name":"wp","href":"https:\/\/api.w.org\/{rel}","templated":true}]}}