{"id":23178,"date":"2019-11-09T04:37:21","date_gmt":"2019-11-09T07:37:21","guid":{"rendered":"http:\/\/furlanjet.com.br\/?post_type=product&#038;p=23178"},"modified":"2019-11-09T04:39:50","modified_gmt":"2019-11-09T07:39:50","slug":"imageprograf-pro-4000-canon","status":"publish","type":"product","link":"https:\/\/furlanjet.com.br\/?product=imageprograf-pro-4000-canon","title":{"rendered":"ImagePROGRAF PRO 4000 &#8211; CANON"},"content":{"rendered":"<p>Conhe\u00e7a os recursos e vantagens da impressora de grande formato imagePROGRAF PRO 4000. O sistema de tintas LUCIA PRO de 11 cores mais Chroma Optimizer pode satisfazer as exig\u00eancias do fot\u00f3grafo ou artista gr\u00e1fico mais cr\u00edtico. Uma coloca\u00e7\u00e3o de got\u00edculas densa fornece uma ampla gama de cores e o Chroma Optimizer proporciona melhor uniformidade de brilho para uma cor excelente e anti efeito bronze. Reprodu\u00e7\u00e3o de cor incrivelmente precisa, excelente nitidez de imagem e maior detalhe nas \u00e1reas mais escuras ajudam a destacar cada impress\u00e3o. Em pap\u00e9is de fine art, a profunda densidade de preto processa melhor o detalhe de sombra mais fino tornando a impress\u00e3o uma obra de arte.<\/p>\n<p>&nbsp;<\/p>\n","protected":false},"excerpt":{"rendered":"<p>INFORMA\u00c7\u00d5ES T\u00c9CNICAS<\/p>\n<p>&nbsp;<\/p>\n<p>Tecnologia de Impress\u00e3o:\u00a0FINE: Full-Photolithography Nozzle Engineering;<\/p>\n<p>Configura\u00e7\u00e3o da Cabe\u00e7a:\u00a012-Canais Integrados;<\/p>\n<p>Configura\u00e7\u00e3o do Nozzle:\u00a01.536 Nozzles x 12 Canais: 18.432;<\/p>\n<p>Total Tamanho M\u00ednimo da Gota de Tinta:\u00a04 Picolitros por Cor;<\/p>\n<p>Res. M\u00e1xima Impress\u00e3o:\u00a0At\u00e9 2.400 x 1.200 dpi;<\/p>\n<p>Cabe\u00e7a de Impress\u00e3o:\u00a0PF-10 (1);<\/p>\n<p>Cores:\u00a0Photo Black, Matte Black, Cyan, Magenta, Yellow, Photo Cyan, Photo Magenta, Gray, Photo Gray, Red, Blue, Chroma Optimizer;<\/p>\n<p>Alimenta\u00e7\u00e3o<\/p>\n<p>Frontal por Rolo: Um Rolo, Sa\u00edda Frontal<\/p>\n<p>Frontal Manual: Alimenta\u00e7\u00e3o Frontal, Sa\u00edda Frontal<\/p>\n<p>Largura de M\u00eddia:\u00a020,3 &#8211; 111,7 cm (Folha Cortada e Rolo)<\/p>\n<p>Comprimento M\u00ednimo:\u00a020,3 cm<\/p>\n<p>Comprimento M\u00e1ximo:\u00a0149,9 cm (Rolo de Papel) &#8211; 160 cm (Folha Cortada)<\/p>\n<p>Largura Impress\u00e3o Sem borda:\u00a025,4 cm \/ 35,5 cm \/ 43,2 cm \/ 60,9 cm \/ 91,4 cm \/ 106,7 cm \/ 111,7 cm<\/p>\n<p>Espessura da M\u00eddia:\u00a0.07 mm &#8211; .8 mm<\/p>\n<p>Tamanhos do N\u00facleo de M\u00eddia:\u00a02\u201d ou 3\u201d (Com Adaptador Fornecido)<\/p>\n<p>M\u00e1ximo Rolo de M\u00eddia:\u00a0170 mm (Di\u00e2metro Externo)<\/p>\n<p>Compatibilidade de M\u00eddias:\u00a0Pap\u00e9is Fine Art, Canvas, Pap\u00e9is Fotogr\u00e1ficos Brilho e Fosco, Papel Comum, Vinil Adesivo, entre outros.<\/p>\n<p>&nbsp;<\/p>\n","protected":false},"featured_media":23181,"comment_status":"closed","ping_status":"closed","template":"","meta":{"_joinchat":[]},"product_brand":[],"product_cat":[168],"product_tag":[],"class_list":{"0":"post-23178","1":"product","2":"type-product","3":"status-publish","6":"product_cat-impressora-jato-de-tinta","8":"first","9":"instock","10":"taxable","11":"shipping-taxable","12":"product-type-simple"},"_links":{"self":[{"href":"https:\/\/furlanjet.com.br\/index.php?rest_route=\/wp\/v2\/product\/23178","targetHints":{"allow":["GET"]}}],"collection":[{"href":"https:\/\/furlanjet.com.br\/index.php?rest_route=\/wp\/v2\/product"}],"about":[{"href":"https:\/\/furlanjet.com.br\/index.php?rest_route=\/wp\/v2\/types\/product"}],"replies":[{"embeddable":true,"href":"https:\/\/furlanjet.com.br\/index.php?rest_route=%2Fwp%2Fv2%2Fcomments&post=23178"}],"version-history":[{"count":0,"href":"https:\/\/furlanjet.com.br\/index.php?rest_route=\/wp\/v2\/product\/23178\/revisions"}],"wp:featuredmedia":[{"embeddable":true,"href":"https:\/\/furlanjet.com.br\/index.php?rest_route=\/wp\/v2\/media\/23181"}],"wp:attachment":[{"href":"https:\/\/furlanjet.com.br\/index.php?rest_route=%2Fwp%2Fv2%2Fmedia&parent=23178"}],"wp:term":[{"taxonomy":"product_brand","embeddable":true,"href":"https:\/\/furlanjet.com.br\/index.php?rest_route=%2Fwp%2Fv2%2Fproduct_brand&post=23178"},{"taxonomy":"product_cat","embeddable":true,"href":"https:\/\/furlanjet.com.br\/index.php?rest_route=%2Fwp%2Fv2%2Fproduct_cat&post=23178"},{"taxonomy":"product_tag","embeddable":true,"href":"https:\/\/furlanjet.com.br\/index.php?rest_route=%2Fwp%2Fv2%2Fproduct_tag&post=23178"}],"curies":[{"name":"wp","href":"https:\/\/api.w.org\/{rel}","templated":true}]}}