{"id":23128,"date":"2019-11-09T03:25:06","date_gmt":"2019-11-09T06:25:06","guid":{"rendered":"http:\/\/furlanjet.com.br\/?post_type=product&#038;p=23128"},"modified":"2019-11-09T03:30:11","modified_gmt":"2019-11-09T06:30:11","slug":"impressora-mono-ecosys-laser-p3045dn-kyocera","status":"publish","type":"product","link":"https:\/\/furlanjet.com.br\/?product=impressora-mono-ecosys-laser-p3045dn-kyocera","title":{"rendered":"Impressora Mono Ecosys Laser P3045dn &#8211; KYOCERA"},"content":{"rendered":"<p><strong>Vis\u00e3o geral do produto<\/strong><\/p>\n<div class=\"row\">\n<div class=\"col-md-12\">\n<div>\n<p>A impressora monocrom\u00e1tica A4 ECOSYS P3045idn possui desempenho, confiabilidade e versatilidade. Com velocidade de 47 ppm, impress\u00e3o extremamente n\u00edtida, duplex padr\u00e3o e grande capacidade de papel.<\/p>\n<p>Com op\u00e7\u00f5es flex\u00edveis, incluindo capacidade de impress\u00e3o m\u00f3vel, acessibilidade USB local, mem\u00f3ria expans\u00edvel e impress\u00e3o segura. Uma impressora que ir\u00e1 maximizar o potencial de seus neg\u00f3cios.<\/p>\n<\/div>\n<\/div>\n<\/div>\n<div class=\"row\">\n<div class=\"col-md-6\">\n<div>\n<ul>\n<li>47 ppm Monocrom\u00e1tico<\/li>\n<\/ul>\n<ul>\n<li>Impress\u00e3o<\/li>\n<\/ul>\n<ul>\n<li>600 x 600 dpi, Up To Fine 1200 dpi<\/li>\n<\/ul>\n<ul>\n<li>Padr\u00e3o: 600 Folhas<br \/>\nM\u00e1ximo: 2,600 Folhas<\/li>\n<\/ul>\n<\/div>\n<\/div>\n<\/div>\n","protected":false},"excerpt":{"rendered":"<p>Caracter\u00edsticas Principais:<\/p>\n<table class=\"table table-striped\">\n<tbody>\n<tr>\n<td>Tecnologia<\/td>\n<td>Impressora Laser Kyocera ECOSYS<\/td>\n<\/tr>\n<tr>\n<td>Tipo de painel de controle<\/td>\n<td>LCD de 5 Linhas com Teclado<\/td>\n<\/tr>\n<tr>\n<td>Categoria do produto<\/td>\n<td>Impressora A4 Monocrom\u00e1tica<\/td>\n<\/tr>\n<tr>\n<td>Fun\u00e7\u00f5es (impress\u00e3o\/digitaliza\u00e7\u00e3o\/c\u00f3pia\/fax)<\/td>\n<td>Impress\u00e3o<\/td>\n<\/tr>\n<tr>\n<td>Velocidade do mecanismo<\/td>\n<td>47 ppm Monocrom\u00e1tico<\/td>\n<\/tr>\n<tr>\n<td>Tempo de aquecimento<\/td>\n<td>15 Segundos<\/td>\n<\/tr>\n<tr>\n<td>Tempo da primeira impress\u00e3o (impress\u00e3o\/c\u00f3pia)<\/td>\n<td>Impress\u00e3o: 5.9 Segundos Monocrom\u00e1tico<\/td>\n<\/tr>\n<tr>\n<td>Resolu\u00e7\u00e3o<\/td>\n<td>600 x 600 dpi, Up To Fine 1200 dpi<\/td>\n<\/tr>\n<tr>\n<td>Profundidade de Bit<\/td>\n<td>NULL<\/td>\n<\/tr>\n<tr>\n<td>CPU<\/td>\n<td>ARM Cortex-A9 \/ 1200MHz<\/td>\n<\/tr>\n<tr>\n<td>Mem\u00f3ria (pad.\/m\u00e1x.)<\/td>\n<td>Padr\u00e3o: 512 MB RAM<br \/>\nM\u00e1ximo: 2.5 GB RAM<\/td>\n<\/tr>\n<tr>\n<td>Disco r\u00edgido (padr\u00e3o\/opcional)<\/td>\n<td>Opcionais: HD-6 (32 GB SSD) or HD-7 (128 GB SSD)<\/td>\n<\/tr>\n<tr>\n<td>Requisitos el\u00e9tricos<\/td>\n<td>120V: 60Hz, 9.5A; 220-240V: 50Hz, 5.4A<\/td>\n<\/tr>\n<tr>\n<td>Dimens\u00f5es (LxPxA)<\/td>\n<td>37.8 cm x 40.8 cm x 28.4 cm<\/td>\n<\/tr>\n<tr>\n<td>Peso do mainframe<\/td>\n<td>14.5 kg<\/td>\n<\/tr>\n<tr>\n<td>Ciclo de funcionamento mensal m\u00e1ximo<\/td>\n<td>200,000 P\u00e1ginas Por M\u00eas<\/td>\n<\/tr>\n<tr>\n<td>Volume de impress\u00e3o mensal m\u00e9dio m\u00e1ximo<\/td>\n<td>NULL<\/td>\n<\/tr>\n<tr>\n<td>Consumo de energia<\/td>\n<td>Consumo El\u00e9trico T\u00edpico (TEC): 120V: 2.50 kWh\/semana; 220-240V 2.16 kWh\/semana<br \/>\nM\u00e1ximo (Opcionais): 120V: 1,180W; 220V-240V: 1,256W<br \/>\nImprimindo: 120V: 664W; 220-240V: 594W<br \/>\nModo Pronto: 120V: 10W; 220-240V: 10W<br \/>\nModo Dorm\u00eancia: 120V: 0.8W; 220-240V: 0.9W<br \/>\nDesligado: 120V: 0.5W; 220-240V: 0.5W<\/td>\n<\/tr>\n<tr>\n<td>Capacidade de entrada (pad.\/m\u00e1x.)<\/td>\n<td>Padr\u00e3o: 600 Folhas<br \/>\nM\u00e1ximo: 2,600 Folhas<\/td>\n<\/tr>\n<tr>\n<td>Capacidade de sa\u00edda (pad.\/m\u00e1x.)<\/td>\n<td>Padr\u00e3o: 250 Folhas<br \/>\nM\u00e1ximo: 250 Folhas<\/td>\n<\/tr>\n<tr>\n<td>Fontes de papel (pad.\/m\u00e1x.)<\/td>\n<td>Padr\u00e3o: 1 Drawer + 1 MPT<br \/>\nM\u00e1ximo: 5 Gavetas + 1 MPT<\/td>\n<\/tr>\n<tr>\n<td>Tamanho m\u00e1ximo do papel<\/td>\n<td>8.5&#8243; x 14&#8243;<\/td>\n<\/tr>\n<tr>\n<td>Gramaturas de papel suportadas<\/td>\n<td>Gavetas: 60 gsm Bond &#8211; 120 gsm Index<br \/>\nMPT: 60 gsm Bond &#8211; 220 gsm Index<\/td>\n<\/tr>\n<tr>\n<td>Materiais de entrada<\/td>\n<td>Papel Comum, Pr\u00e9-impresso, Papel Reciclado, Envelope, OHP, Papel Espesso, Papel Revestido, Banner, Personalizado<\/td>\n<\/tr>\n<tr>\n<td>Interface padr\u00e3o<\/td>\n<td>NULL<\/td>\n<\/tr>\n<\/tbody>\n<\/table>\n","protected":false},"featured_media":23130,"comment_status":"closed","ping_status":"closed","template":"","meta":{"_joinchat":[]},"product_brand":[],"product_cat":[166],"product_tag":[],"class_list":{"0":"post-23128","1":"product","2":"type-product","3":"status-publish","6":"product_cat-impressoras-pb","8":"first","9":"instock","10":"taxable","11":"shipping-taxable","12":"product-type-simple"},"_links":{"self":[{"href":"https:\/\/furlanjet.com.br\/index.php?rest_route=\/wp\/v2\/product\/23128","targetHints":{"allow":["GET"]}}],"collection":[{"href":"https:\/\/furlanjet.com.br\/index.php?rest_route=\/wp\/v2\/product"}],"about":[{"href":"https:\/\/furlanjet.com.br\/index.php?rest_route=\/wp\/v2\/types\/product"}],"replies":[{"embeddable":true,"href":"https:\/\/furlanjet.com.br\/index.php?rest_route=%2Fwp%2Fv2%2Fcomments&post=23128"}],"version-history":[{"count":0,"href":"https:\/\/furlanjet.com.br\/index.php?rest_route=\/wp\/v2\/product\/23128\/revisions"}],"wp:featuredmedia":[{"embeddable":true,"href":"https:\/\/furlanjet.com.br\/index.php?rest_route=\/wp\/v2\/media\/23130"}],"wp:attachment":[{"href":"https:\/\/furlanjet.com.br\/index.php?rest_route=%2Fwp%2Fv2%2Fmedia&parent=23128"}],"wp:term":[{"taxonomy":"product_brand","embeddable":true,"href":"https:\/\/furlanjet.com.br\/index.php?rest_route=%2Fwp%2Fv2%2Fproduct_brand&post=23128"},{"taxonomy":"product_cat","embeddable":true,"href":"https:\/\/furlanjet.com.br\/index.php?rest_route=%2Fwp%2Fv2%2Fproduct_cat&post=23128"},{"taxonomy":"product_tag","embeddable":true,"href":"https:\/\/furlanjet.com.br\/index.php?rest_route=%2Fwp%2Fv2%2Fproduct_tag&post=23128"}],"curies":[{"name":"wp","href":"https:\/\/api.w.org\/{rel}","templated":true}]}}