{"id":23120,"date":"2019-11-09T03:11:56","date_gmt":"2019-11-09T06:11:56","guid":{"rendered":"http:\/\/furlanjet.com.br\/?post_type=product&#038;p=23120"},"modified":"2019-11-20T09:52:53","modified_gmt":"2019-11-20T12:52:53","slug":"impressora-mono-ecosys-p3055dn-laser-kyocera","status":"publish","type":"product","link":"https:\/\/furlanjet.com.br\/?product=impressora-mono-ecosys-p3055dn-laser-kyocera","title":{"rendered":"Impressora Mono ECOSYS P3055DN Laser &#8211; KYOCERA"},"content":{"rendered":"<p>Impressora Laser Mono Kyocera Ecosys P3055Dn substituiu o modelo Ecosys FS4200DN. Este novo modelo proporciona melhor produtividade e alto desempenho no momento da impress\u00e3o, al\u00e9m de utilizar toner de alto rendimento para at\u00e9 21.000 p\u00e1ginas. Seus suprimentos s\u00e3o individuais, ou seja, quando o toner acabar \u00e9 s\u00f3 trocar o mesmo, assim elimina a necessidade da substitui\u00e7\u00e3o do cilindro.<\/p>\n<p>A velocidade da impress\u00e3o na Kyocera P3055DN no A4 \u00e9 de 55 p\u00e1ginas por minuto com uma resolu\u00e7\u00e3o de at\u00e9 1200 x 1200 dpi, textos n\u00edtidos e documentos de qualidade profissional. Tem a fun\u00e7\u00e3o duplex padr\u00e3o, bandeja com capacidade para at\u00e9 500 folhas, podendo ser expandida at\u00e9 2.600 folhas, adquirindo bandejas opcionais separadamente.<\/p>\n<p>Com seu design compacto e moderno, a Impressora Ecosys P3055DN oferece painel de controle com visor LCD de 5 linhas e teclado num\u00e9rico para melhor manuseio, mem\u00f3ria padr\u00e3o de 512MB podendo expandi-la at\u00e9 2.5GB e \u00f3timo processador ARM Cortex-A9 1200MHz. Compat\u00edvel com Kyocera Fleet Services que \u00e9 um sistema de monitoramento em nuvem, auxiliando na otimiza\u00e7\u00e3o do tempo de funcionamento do dispositivo e reduzindo custos.<\/p>\n<p>&nbsp;<\/p>\n<p>*Este equipamento n\u00e3o realiza impress\u00e3o em papel transfer.*<\/p>\n","protected":false},"excerpt":{"rendered":"<p>Principais Caracter\u00edsticas<\/p>\n<p>&#8211; Visor LCD de 5 linhas<\/p>\n<p>&#8211; Impress\u00e3o A4 em 55ppm, carta 57ppm e of\u00edcio 46ppm<\/p>\n<p>&#8211; Mem\u00f3ria 512MB (expans\u00edvel at\u00e9 2.5GB)<\/p>\n<p>&#8211; Processador ARM Cortex-A9 1200MHz<\/p>\n<p>&#8211; Conex\u00f5es USB e 10\/100\/1000BaseTX<\/p>\n<p>&#8211; Gerenciamento de trabalhos<\/p>\n<p>&#8211; Duplex padr\u00e3o<\/p>\n<p>&#8211; Utiliza toner de alto rendimento at\u00e9 21.000 p\u00e1ginas<\/p>\n<p>&#8211; Ciclo mensal de impress\u00e3o at\u00e9 275.000 p\u00e1ginas<\/p>\n<p>&#8211; Suporta bandejas opcionais para expandir a quantidade de folhas<\/p>\n<p>&#8211; Compat\u00edvel com Windows e Mac<\/p>\n<p>&nbsp;<\/p>\n<p>Especifica\u00e7\u00e3o do Produto<\/p>\n<p>&nbsp;<\/p>\n<p>\u2022\u00a0Tipo de Impress\u00e3o:\u00a0Laser monocrom\u00e1tico<\/p>\n<p>\u2022\u00a0Visor:\u00a0LCD de 5 linhas com teclado num\u00e9rico<\/p>\n<p>\u2022\u00a0Tempo de Aquecimento:\u00a0Em funcionamento e modo de espera at\u00e9 25 segundos<\/p>\n<p>\u2022\u00a0Mem\u00f3ria:\u00a0Padr\u00e3o 512 MB e Expans\u00edvel at\u00e9 2.5 GB<\/p>\n<p>\u2022\u00a0Processador:\u00a0ARM Cortex-A9 1200MHz<\/p>\n<p>\u2022\u00a0PDLs\/Emula\u00e7\u00f5es:\u00a0PRESCRIBE, PCL6 (PCL-XL\/PCL-5c), KPDL3 (PDF Impress\u00e3o Direta, AES), XPS, Open XPS (TIFF\/JPEG Impress\u00e3o Direta), IBM Proprinter e Line Print<\/p>\n<p>\u2022\u00a0Fontes:\u00a093 fontes de contorno (PCL 6\/KPDL3), 8 fontes (Windows\/Vista) e 1 Bitmap (fonte 1 e fonte 79)<\/p>\n<p>\u2022\u00a0Conex\u00f5es:\u00a010\/100\/1000BaseTX, 1 USB 2.0 de alta velocidade e 2 USB Host\/ (Opcional \u2013 adquirir separadamente: Wireless LAN IB-36 aprox. 30 metros de alcance e Wi-Fi-Direct, NIC duplo IB-50 e interface paralela IB-32B)<\/p>\n<p>\u2022\u00a0Impress\u00e3o em Rede e Protocolos Compat\u00edveis:\u00a0TCP\/IP, IPv4, IPv6, NetBEUI, SNMP, HTTP, DNS, PNP USB, PnP-X (WS-Discovery para o servi\u00e7o de impress\u00e3o WSD) e Apple Bonjour<\/p>\n<p>\u2022\u00a0Impress\u00e3o M\u00f3vel:\u00a0Kyocera Mobile Print, Kyocera Mobile Print For Students, Kyocera MyPanel, Google Cloud Print e Mopria<\/p>\n<p>\u2022\u00a0Drivers:\u00a0KX Driver, KX (XPS) Driver, PCL Mini Driver, KPDL Mini, TWAIN Driver, WIA Driver, MAC Driver, Linux Driver, Windows Inbox Driver e KX PRESCRIBE Macro Generator<\/p>\n<p>\u2022\u00a0Utilit\u00e1rios:\u00a0KYOCERA Net Direct Print, KYOCERA Mobile Print, KYOCERA Print Center, KYOCERA Net Admin, KYOCERA Net Viewer, Quick Setup e Ferramenta de configura\u00e7\u00e3o de Wi-Fi<\/p>\n<p>\u2022\u00a0Fun\u00e7\u00f5es Adicionais de Impress\u00e3o:\u00a0EcoPrint, Impress\u00e3o N-Up, Impress\u00e3o Confidencial, Teste e reten\u00e7\u00e3o, e Armazenamento de trabalhos<sup>1<\/sup><\/p>\n<p>\u2022\u00a0Gerenciamento de Trabalhos:\u00a0Contabiliza\u00e7\u00e3o de trabalhos e 100 c\u00f3digos de departamento<\/p>\n<p>\u2022\u00a0Especifica\u00e7\u00f5es de Seguran\u00e7a:\u00a0Autentica\u00e7\u00e3o local, autentica\u00e7\u00e3o em rede, IPsec, HTTPS, LDAP sobre SSL, SSNMPv3 e kit de seguran\u00e7a de dados (E)<\/p>\n<p>\u2022\u00a0Ciclo Mensal de Impress\u00e3o:\u00a0275.000 p\u00e1ginas<\/p>\n<p>\u2022\u00a0Consumo de Energia:\u00a0Impress\u00e3o 753w, Modo de Espera 11w, Suspens\u00e3o 0.8w e Desligado 0.05w<\/p>\n<p>\u2022\u00a0Consumo El\u00e9trico T\u00edpico (TEC):\u00a0120V (3.16 kWh\/semana) \u2013 M\u00e1ximo incluindo op\u00e7\u00f5es 1,204W<\/p>\n<p>\u2022\u00a0Voltagem:\u00a0120V (60Hz, 10A)<\/p>\n<p>&nbsp;<\/p>\n<p>Impressora<\/p>\n<p>&nbsp;<\/p>\n<p>\u2022\u00a0Velocidade da Impress\u00e3o Frente:\u00a0A4 at\u00e9 55 p\u00e1ginas por minuto, Carta at\u00e9 57 p\u00e1ginas por minuto e Of\u00edcio at\u00e9 46 p\u00e1ginas por minuto<\/p>\n<p>\u2022\u00a0Velocidade da Impress\u00e3o Frente e Verso:\u00a0A4\/Carta at\u00e9 40 p\u00e1ginas por minuto e Of\u00edcio at\u00e9 23 p\u00e1ginas por minuto<\/p>\n<p>\u2022\u00a0Sa\u00edda da 1\u00aa Impress\u00e3o:\u00a0At\u00e9 6,6 segundos<\/p>\n<p>\u2022\u00a0Resolu\u00e7\u00e3o da Impress\u00e3o:\u00a01200 x 1200 dpi, 600 x 600 dpi, 300 x 300 dpi<\/p>\n<p>\u2022\u00a0Impress\u00e3o frente e verso:\u00a0Sem empilhamento padr\u00e3o, com suporte a pap\u00e9is do tipo A5 at\u00e9 of\u00edcio (14 cm x 22 cm &#8211; 22 cm x 36 cm) de 60 a 120 g\/m<sup>2<\/sup><\/p>\n<p>&nbsp;<\/p>\n<p>Papel<\/p>\n<p>&nbsp;<\/p>\n<p>\u2022\u00a0Bandeja Padr\u00e3o:\u00a0Capacidade para at\u00e9 500 folhas<\/p>\n<p>\u2022\u00a0Bandeja Multiuso:\u00a0Capacidade para at\u00e9 100 folhas<\/p>\n<p>\u2022\u00a0Bandeja Sa\u00edda da Impress\u00e3o:\u00a0Capacidade para at\u00e9 500 folhas com face para baixo<\/p>\n<p>\u2022\u00a0Tamanho do Papel Bandejas Padr\u00e3o, Opcional e Multiuso (MPT):\u00a0A5 at\u00e9 of\u00edcio (14 cm x 22 cm \u2013 22 cm x 36 cm)<\/p>\n<p>\u2022\u00a0Gramatura:\u00a0Bandeja Padr\u00e3o 60 &#8211; 163 g\/m<sup>2<\/sup>\u00a0e Bandeja Multiuso (MPT) 60 &#8211; 220 g\/m<sup>2<\/sup><\/p>\n<p>\u2022\u00a0Tipo de Papel:\u00a0Bandeja Padr\u00e3o\/Opcional aceitam papel comum, bond e reciclado\/ Bandeja Multiuso (MPT) aceita papel comum, bond, etiquetas, reciclado, velino, timbrado, acetados, envelopes, papel de baixa densidade e de alta densidade e revestido<\/p>\n<p>&nbsp;<\/p>\n<p>Sistema Operacional<\/p>\n<p>\u2022 Windows 7, Windows 8 e 8.01, Windows 10, Windows Vista, Windows XP, Windows Server 2003, Windows Server 2008, Windows Server 2008 R2, Windows Server 2012 e Windows Server 2012 R2<\/p>\n<p>\u2022 Mac OS X 10.5 ou superior<\/p>\n<p>&nbsp;<\/p>\n<p>Suprimento e Acess\u00f3rios Opcionais<\/p>\n<p>&nbsp;<\/p>\n<p>TK3182 Cartucho de toner preto com alto rendimento de at\u00e9 21.000 p\u00e1ginas &#8211; Cobertura de 5% em acordo com ISO\/IEC 19752 (Carta\/A4)<\/p>\n<p>&nbsp;<\/p>\n<p>Alimentador de Papel PF-320<\/p>\n<p>Capacidade de papel: 500 folhas x 4 (80g\/m<sup>2<\/sup>)<\/p>\n<p>Tamanho do papel: A5 at\u00e9 of\u00edcio (14 cm x 28 cm \u2013 22 cm x 36 cm), 60 \u2013 120 g\/m<sup>2<\/sup>, envelopes, personalizado<\/p>\n<p>Dimens\u00f5es\/Peso: 38 cm (L) x 41 cm (P) x 12 cm (A) &#8211; 4 kg<\/p>\n<p>&nbsp;<\/p>\n<p>Cassete de Grande Capacidade PF-3100<\/p>\n<p>Capacidade de papel: 2.000 folhas (75g\/m<sup>2<\/sup>)<\/p>\n<p>Tamanho do papel: A5 at\u00e9 of\u00edcio (14 cm x 28 cm \u2013 22 cm x 36 cm), 60 \u2013 120 g\/m<sup>2<\/sup>, envelopes, personalizado<\/p>\n<p>Dimens\u00f5es\/Peso: 38 cm (L) x 70 cm (P) x 18 cm (A) &#8211; 4 kg<\/p>\n<p>&nbsp;<\/p>\n<p>Gerenciamento de impress\u00e3o ThinPrint (UG-33)<\/p>\n<p>Seguran\u00e7a Kit de autentica\u00e7\u00e3o de cart\u00e3o (B) e Kit de seguran\u00e7a de dados (E)<\/p>\n<p>Cart\u00e3o SD 16\/32 GB<\/p>\n<p>Disco r\u00edgido HD-6: 32 GB SSD e HD-7: 128 GB SSD<\/p>\n<p>LAN sem fio IB-36,<\/p>\n<p>NIC adicional IB-50 Gigabit NIC<\/p>\n<p>Interface IB-32B (interface paralela)<\/p>\n<p>Mem\u00f3ria 1 GB (DIMM) de 2 GB (DDR3)<\/p>\n<p>Leitor de c\u00f3digo de barras PCL 3.0 (tipo E)<\/p>\n<p>&nbsp;<\/p>\n<p>Dimens\u00f5es e Peso<\/p>\n<p>Impressora: 38 cm (L) x 41 cm (P) x 32 cm (A) &#8211; 16 kg<\/p>\n<p>Com Embalagem: 49 cm (L) x 52 cm (P) x 44 cm (A) \u2013 21 kg<\/p>\n<p>&nbsp;<\/p>\n<p>Observa\u00e7\u00f5es<\/p>\n<p><sup>1<\/sup>Exige um cart\u00e3o SD opcional (HD-6 ou HD-7)<\/p>\n<p>&#8211; Todas as informa\u00e7\u00f5es divulgadas s\u00e3o de total responsabilidade do fabricante.<\/p>\n<p>&#8211; Imagens meramente ilustrativas.<\/p>\n<p>&#8211; Este equipamento n\u00e3o realiza impress\u00e3o em papel transfer.<\/p>\n","protected":false},"featured_media":23121,"comment_status":"closed","ping_status":"closed","template":"","meta":{"_joinchat":[]},"product_brand":[],"product_cat":[166],"product_tag":[],"class_list":{"0":"post-23120","1":"product","2":"type-product","3":"status-publish","6":"product_cat-impressoras-pb","8":"first","9":"instock","10":"taxable","11":"shipping-taxable","12":"product-type-simple"},"_links":{"self":[{"href":"https:\/\/furlanjet.com.br\/index.php?rest_route=\/wp\/v2\/product\/23120","targetHints":{"allow":["GET"]}}],"collection":[{"href":"https:\/\/furlanjet.com.br\/index.php?rest_route=\/wp\/v2\/product"}],"about":[{"href":"https:\/\/furlanjet.com.br\/index.php?rest_route=\/wp\/v2\/types\/product"}],"replies":[{"embeddable":true,"href":"https:\/\/furlanjet.com.br\/index.php?rest_route=%2Fwp%2Fv2%2Fcomments&post=23120"}],"version-history":[{"count":0,"href":"https:\/\/furlanjet.com.br\/index.php?rest_route=\/wp\/v2\/product\/23120\/revisions"}],"wp:featuredmedia":[{"embeddable":true,"href":"https:\/\/furlanjet.com.br\/index.php?rest_route=\/wp\/v2\/media\/23121"}],"wp:attachment":[{"href":"https:\/\/furlanjet.com.br\/index.php?rest_route=%2Fwp%2Fv2%2Fmedia&parent=23120"}],"wp:term":[{"taxonomy":"product_brand","embeddable":true,"href":"https:\/\/furlanjet.com.br\/index.php?rest_route=%2Fwp%2Fv2%2Fproduct_brand&post=23120"},{"taxonomy":"product_cat","embeddable":true,"href":"https:\/\/furlanjet.com.br\/index.php?rest_route=%2Fwp%2Fv2%2Fproduct_cat&post=23120"},{"taxonomy":"product_tag","embeddable":true,"href":"https:\/\/furlanjet.com.br\/index.php?rest_route=%2Fwp%2Fv2%2Fproduct_tag&post=23120"}],"curies":[{"name":"wp","href":"https:\/\/api.w.org\/{rel}","templated":true}]}}