{"id":22729,"date":"2019-11-05T19:21:57","date_gmt":"2019-11-05T22:21:57","guid":{"rendered":"http:\/\/furlanjet.com.br\/?post_type=product&#038;p=22729"},"modified":"2019-11-05T19:26:12","modified_gmt":"2019-11-05T22:26:12","slug":"toner-compativel-brother-tn-650-tn-580","status":"publish","type":"product","link":"https:\/\/furlanjet.com.br\/?product=toner-compativel-brother-tn-650-tn-580","title":{"rendered":"Toner Compat\u00edvel Brother TN-650 TN-580"},"content":{"rendered":"<h4>Toner Brother TN650 para utiliza\u00e7\u00e3o nos seguintes modelos Brother: DCP 8060, 8065DN, 8070, 8070D, 8080DN, 8085DN, 8480, HL-5240, 5250DN, 5250DTN, 5280DW, 5340D, 5350DN, 5350DNLT, 5370DW, 5370DWT, 5380DN e MFC 8090<\/h4>\n","protected":false},"excerpt":{"rendered":"<p>Toner Brother TN650 para utiliza\u00e7\u00e3o nos seguintes modelos Brother: DCP 8060, 8065DN, 8070, 8070D, 8080DN, 8085DN, 8480, HL-5240, 5250DN, 5250DTN, 5280DW, 5340D, 5350DN, 5350DNLT, 5370DW, 5370DWT, 5380DN e MFC 8090<\/p>\n","protected":false},"featured_media":22730,"comment_status":"closed","ping_status":"closed","template":"","meta":{"_joinchat":[]},"product_brand":[],"product_cat":[98],"product_tag":[],"class_list":{"0":"post-22729","1":"product","2":"type-product","3":"status-publish","6":"product_cat-brother","8":"first","9":"instock","10":"taxable","11":"shipping-taxable","12":"product-type-simple"},"_links":{"self":[{"href":"https:\/\/furlanjet.com.br\/index.php?rest_route=\/wp\/v2\/product\/22729","targetHints":{"allow":["GET"]}}],"collection":[{"href":"https:\/\/furlanjet.com.br\/index.php?rest_route=\/wp\/v2\/product"}],"about":[{"href":"https:\/\/furlanjet.com.br\/index.php?rest_route=\/wp\/v2\/types\/product"}],"replies":[{"embeddable":true,"href":"https:\/\/furlanjet.com.br\/index.php?rest_route=%2Fwp%2Fv2%2Fcomments&post=22729"}],"version-history":[{"count":0,"href":"https:\/\/furlanjet.com.br\/index.php?rest_route=\/wp\/v2\/product\/22729\/revisions"}],"wp:featuredmedia":[{"embeddable":true,"href":"https:\/\/furlanjet.com.br\/index.php?rest_route=\/wp\/v2\/media\/22730"}],"wp:attachment":[{"href":"https:\/\/furlanjet.com.br\/index.php?rest_route=%2Fwp%2Fv2%2Fmedia&parent=22729"}],"wp:term":[{"taxonomy":"product_brand","embeddable":true,"href":"https:\/\/furlanjet.com.br\/index.php?rest_route=%2Fwp%2Fv2%2Fproduct_brand&post=22729"},{"taxonomy":"product_cat","embeddable":true,"href":"https:\/\/furlanjet.com.br\/index.php?rest_route=%2Fwp%2Fv2%2Fproduct_cat&post=22729"},{"taxonomy":"product_tag","embeddable":true,"href":"https:\/\/furlanjet.com.br\/index.php?rest_route=%2Fwp%2Fv2%2Fproduct_tag&post=22729"}],"curies":[{"name":"wp","href":"https:\/\/api.w.org\/{rel}","templated":true}]}}