{"id":22471,"date":"2019-10-31T21:31:46","date_gmt":"2019-11-01T00:31:46","guid":{"rendered":"http:\/\/furlanjet.com.br\/?post_type=product&#038;p=22471"},"modified":"2019-10-31T21:31:46","modified_gmt":"2019-11-01T00:31:46","slug":"camera-bullet-metal-tw-8701-hb","status":"publish","type":"product","link":"https:\/\/furlanjet.com.br\/?product=camera-bullet-metal-tw-8701-hb","title":{"rendered":"C\u00e2mera Bullet Metal TW-8701 HB"},"content":{"rendered":"<p>Modelo\tTW-8701 HB<br \/>\nTecnologia\t4\u00d71 AHD\/CVI\/TVI\/Anal\u00f3gica<\/p>\n","protected":false},"excerpt":{"rendered":"<table>\n<tbody>\n<tr>\n<td width=\"109\"><strong>Modelo<\/strong><\/td>\n<td colspan=\"4\" width=\"311\">TW-8701 HB<\/td>\n<\/tr>\n<tr>\n<td width=\"109\"><strong>Tecnologia<\/strong><\/td>\n<td colspan=\"4\" width=\"311\">4\u00d71 AHD\/CVI\/TVI\/Anal\u00f3gica<\/td>\n<\/tr>\n<tr>\n<td width=\"109\"><strong>Uso\/Prote\u00e7\u00e3o<\/strong><\/td>\n<td colspan=\"4\" width=\"311\">Interno e Externo<\/td>\n<\/tr>\n<tr>\n<td width=\"109\"><strong>Material<\/strong><\/td>\n<td colspan=\"4\" width=\"311\">Met\u00e1lico<\/td>\n<\/tr>\n<tr>\n<td width=\"109\"><strong>Sensor de Imagem<\/strong><\/td>\n<td colspan=\"4\" width=\"311\">Digital 1\/4 CMOS<\/td>\n<\/tr>\n<tr>\n<td width=\"109\"><strong>Modo de v\u00eddeo<\/strong><\/td>\n<td colspan=\"4\" width=\"311\">NTSC<\/td>\n<\/tr>\n<tr>\n<td width=\"109\"><strong>Resolu\u00e7\u00e3o<\/strong><\/td>\n<td colspan=\"4\" width=\"311\">1 MP<\/td>\n<\/tr>\n<tr>\n<td width=\"109\"><strong>Ilumina\u00e7\u00e3o M\u00ednima<\/strong><\/td>\n<td colspan=\"4\" width=\"311\">0 Lux IR Ligado<\/td>\n<\/tr>\n<tr>\n<td colspan=\"5\" width=\"420\"><strong>DSP (Processador de sinais digitais)<\/strong><\/td>\n<\/tr>\n<tr>\n<td colspan=\"4\" width=\"203\"><strong>AGC(Controle autom\u00e1tico de ganho)<\/strong><\/td>\n<td width=\"217\">Sim<\/td>\n<\/tr>\n<tr>\n<td colspan=\"4\" width=\"203\"><strong>White Balance (Balan\u00e7o de Branco)<\/strong><\/td>\n<td width=\"217\">Sim<\/td>\n<\/tr>\n<tr>\n<td colspan=\"4\" width=\"203\"><strong>Shutter Eletr\u00f4nico<\/strong><\/td>\n<td width=\"217\">Sim<\/td>\n<\/tr>\n<tr>\n<td colspan=\"4\" width=\"203\"><strong>D&amp;N Mode(Modo Dia e noite)<\/strong><\/td>\n<td width=\"217\">Sim<\/td>\n<\/tr>\n<tr>\n<td colspan=\"5\" width=\"420\"><strong>IR (Infravermelho)<\/strong><\/td>\n<\/tr>\n<tr>\n<td colspan=\"3\" width=\"163\"><strong>Quantidade de Leds<\/strong><\/td>\n<td colspan=\"2\" width=\"257\">36<\/td>\n<\/tr>\n<tr>\n<td colspan=\"5\" width=\"420\"><strong>Lente<\/strong><\/td>\n<\/tr>\n<tr>\n<td colspan=\"2\" width=\"161\"><strong>Tipo<\/strong><\/td>\n<td colspan=\"3\" width=\"259\">Fixa<\/td>\n<\/tr>\n<tr>\n<td colspan=\"2\" width=\"161\"><strong>Tamanho<\/strong><\/td>\n<td colspan=\"3\" width=\"259\">2,8 mil\u00edmetros<\/td>\n<\/tr>\n<\/tbody>\n<\/table>\n","protected":false},"featured_media":22472,"comment_status":"closed","ping_status":"closed","template":"","meta":{"_joinchat":[]},"product_brand":[],"product_cat":[135],"product_tag":[],"class_list":{"0":"post-22471","1":"product","2":"type-product","3":"status-publish","6":"product_cat-cameras","8":"first","9":"instock","10":"taxable","11":"shipping-taxable","12":"product-type-simple"},"_links":{"self":[{"href":"https:\/\/furlanjet.com.br\/index.php?rest_route=\/wp\/v2\/product\/22471","targetHints":{"allow":["GET"]}}],"collection":[{"href":"https:\/\/furlanjet.com.br\/index.php?rest_route=\/wp\/v2\/product"}],"about":[{"href":"https:\/\/furlanjet.com.br\/index.php?rest_route=\/wp\/v2\/types\/product"}],"replies":[{"embeddable":true,"href":"https:\/\/furlanjet.com.br\/index.php?rest_route=%2Fwp%2Fv2%2Fcomments&post=22471"}],"version-history":[{"count":0,"href":"https:\/\/furlanjet.com.br\/index.php?rest_route=\/wp\/v2\/product\/22471\/revisions"}],"wp:featuredmedia":[{"embeddable":true,"href":"https:\/\/furlanjet.com.br\/index.php?rest_route=\/wp\/v2\/media\/22472"}],"wp:attachment":[{"href":"https:\/\/furlanjet.com.br\/index.php?rest_route=%2Fwp%2Fv2%2Fmedia&parent=22471"}],"wp:term":[{"taxonomy":"product_brand","embeddable":true,"href":"https:\/\/furlanjet.com.br\/index.php?rest_route=%2Fwp%2Fv2%2Fproduct_brand&post=22471"},{"taxonomy":"product_cat","embeddable":true,"href":"https:\/\/furlanjet.com.br\/index.php?rest_route=%2Fwp%2Fv2%2Fproduct_cat&post=22471"},{"taxonomy":"product_tag","embeddable":true,"href":"https:\/\/furlanjet.com.br\/index.php?rest_route=%2Fwp%2Fv2%2Fproduct_tag&post=22471"}],"curies":[{"name":"wp","href":"https:\/\/api.w.org\/{rel}","templated":true}]}}